-6
Let m(t) = -3*t**2 + 3*t - 1. Calculate m(3).
-19
Let w(o) = 23*o**2 + 92*o + 5. What is w(-4)?
5
Let j(w) = w**3 + 7*w**2 - 3*w + 32. What is j(-8)?
-8
Let n(k) = k**2 - 12*k + 39. What is n(6)?
3
Let n(a) = -a**3 + 11*a**2 - 10*a - 113. Determine n(8).
-1
Let v(z) = z**3 - 12*z**2 + 11*z - 6. Determine v(11).
-6
Let r(o) = -3*o + 7. What is r(6)?
-11
Let q(d) = d**2 + 8*d + 6. What is q(-9)?
15
Let u(n) = -n**3 - 37*n**2 + n + 14. Give u(-37).
-23
Let l(h) = 4*h + 15. Calculate l(-6).
-9
Let r(u) = -u**3 - 3*u**2 + 8*u - 6. Determine r(-5).
4
Let i(q) = q**3 - 15*q - 4. What is i(-4)?
-8
Let m(l) = l**3 + 14*l**2 + 13*l - 16. Calculate m(-13).
-16
Let b(q) = -8*q - 194. What is b(-24)?
-2
Let o(f) = f**2 + 5*f - 7. Calculate o(-5).
-7
Let k(g) = -2*g**3 + 8*g**2 - 4*g + 7. Give k(3).
13
Let b(n) = -24*n - 17. Give b(0).
-17
Let g(p) = 2*p**3 - 9*p**2 + 4*p - 3. What is g(4)?
-3
Let f(i) = 40*i + 291. Determine f(-7).
11
Let q(p) = p**3 - 8*p**2 + 6*p + 3. Calculate q(7).
-4
Let h(u) = -u**2 + 14*u + 11. What is h(15)?
-4
Let l(y) = -y + 18. What is l(14)?
4
Let a(o) = -5*o - 6. Calculate a(-4).
14
Let o(f) = -3*f**2 - 5*f - 20. Determine o(-5).
-70
Let i(j) = -j**3 + 9*j**2 - 2*j - 12. What is i(8)?
36
Let o(c) = -3*c - 26. Calculate o(-9).
1
Let g(c) = -2*c**2 - 51*c - 19. Give g(-25).
6
Let u(w) = -w**2 + 5*w - 2. Give u(5).
-2
Let r(h) = -10*h + 28. Calculate r(9).
-62
Let z(l) = l + 4. Determine z(-2).
2
Let l(j) = 151*j. What is l(1)?
151
Let t(g) = 2*g + 28. Calculate t(-6).
16
Let t(r) = 3*r + 133. Give t(-33).
34
Let g(j) = -16*j + 6. Give g(10).
-154
Let w(p) = p + 3. Determine w(6).
9
Let j(t) = -t**2 + 2*t + 12. Determine j(5).
-3
Let h(m) = -m**3 - 17*m**2 + 17*m - 11. Determine h(-18).
7
Let k(b) = -2*b**3 + 17*b**2 - 2*b + 13. What is k(8)?
61
Let j(w) = -w**3 + 13*w**2 - 43*w + 13. Calculate j(8).
-11
Let d(b) = -16*b + 440. Calculate d(27).
8
Let w(x) = x**3 + 13*x**2 - 11*x + 20. Give w(-14).
-22
Let s(p) = -12*p**2 - 59*p + 4. What is s(-5)?
-1
Let q(f) = f**3 - 5*f**2 - 5*f + 16. Give q(5).
-9
Let v(x) = x**3 + 4*x**2 + 10*x + 8. Calculate v(-2).
-4
Let b(k) = k**3 - 33*k**2 + 61*k + 44. What is b(31)?
13
Let b(f) = -2*f**3 - f**2 + 3*f - 2. What is b(1)?
-2
Let x(t) = 4*t + 62. Determine x(-14).
6
Let s(w) = -6*w - 39. What is s(5)?
-69
Let j(a) = -a**2 + 16*a + 4. What is j(16)?
4
Let k(v) = 4*v - 4. Calculate k(-22).
-92
Let i(b) = -3*b - 2. Give i(2).
-8
Let n(s) = 2*s**2 - 6*s + 6. Determine n(4).
14
Let s(k) = 2*k**3 + 19*k**2 - 11*k - 16. Give s(-10).
-6
Let p(q) = 8*q - 4. What is p(-1)?
-12
Let h(x) = x + 15. Calculate h(-11).
4
Let f(q) = q**3 - 9*q**2 + 9*q - 7. Give f(7).
-42
Let s(o) = -15*o + 154. Determine s(9).
19
Let n(w) = -3*w**3 + w**2 - 2*w + 14. What is n(0)?
14
Let o(n) = -3*n**2 + 54*n + 62. Give o(19).
5
Let q(u) = 4*u**2 + 8*u. Determine q(-4).
32
Let h(k) = -4*k + 4. What is h(-3)?
16
Let d(k) = -7*k - 59. Determine d(-8).
-3
Let v(a) = a**3 + 3*a**2 + 7*a + 3. Determine v(-3).
-18
Let i(b) = b**2 - 4*b - 75. Calculate i(-7).
2
Let s(j) = -j**2 + j - 1. Determine s(5).
-21
Let j(g) = -14*g - 11. Give j(-2).
17
Let y(d) = -d**3 + 28*d**2 - 29*d + 61. Calculate y(27).
7
Let l(v) = -2*v**2 - 14*v - 7. Calculate l(-9).
-43
Let o(u) = u**3 + 8*u**2 - 5*u + 3. What is o(-9)?
-33
Let m(t) = 2*t**3 + 12*t**2 + 38*t + 226. Calculate m(-6).
-2
Let f(h) = 7*h + 9. Give f(-3).
-12
Let v(o) = -o**3 + 6*o**2 - 6*o - 16. Calculate v(5).
-21
Let q(y) = 3*y**2 + 127*y - 72. Determine q(-43).
14
Let g(y) = -5*y + 1. Determine g(-6).
31
Let w(b) = b**3 - 6*b**2 - 2*b + 8. Give w(6).
-4
Let d(v) = v**2 + 22*v + 29. Give d(-20).
-11
Let b(l) = -4*l**2 - 44*l. Calculate b(-11).
0
Let d(o) = -2*o**2 - 7*o - 18. What is d(-4)?
-22
Let n(y) = -y - 24. What is n(-18)?
-6
Let c(r) = -r**2 - 33*r - 173. Give c(-6).
-11
Let o(t) = -t**3 - 10*t**2 - 18*t + 12. What is o(-6)?
-24
Let l(k) = k**3 - 7*k**2 + 4*k - 1. Determine l(6).
-13
Let o(p) = 16*p - 32. What is o(2)?
0
Let q(m) = -m**3 - 14*m**2 + 2*m + 9. What is q(-14)?
-19
Let m(j) = -5*j**3 + 11*j**2 + 2*j - 15. Determine m(3).
-45
Let g(i) = -i**2 - 5*i + 6. Calculate g(-5).
6
Let x(q) = q**2 - 62. Determine x(0).
-62
Let g(w) = w**3 + 2*w**2 + 11*w + 16. Determine g(-3).
-26
Let o(f) = 7*f - 180. What is o(30)?
30
Let t(v) = 9*v**2 + 2*v - 3. Give t(1).
8
Let n(v) = -v**2 - 17*v - 32. Give n(-15).
-2
Let x(m) = m**3 - 4*m**2 - 2*m - 19. What is x(5)?
-4
Let q(v) = v**3 - 8*v**2 - 2*v + 11. Calculate q(8).
-5
Let b(s) = -s + 16. Calculate b(19).
-3
Let b(h) = -h**2 - 9*h + 6. Give b(-12).
-30
Let c(g) = -7*g + 12. What is c(3)?
-9
Let j(a) = a**2 + 8*a - 4. Give j(-7).
-11
Let j(h) = -4*h. Determine j(-4).
16
Let z(n) = n**3 - 7*n**2 + 7*n - 13. Determine z(6).
-7
Let q(z) = z**2 - 5*z + 2. What is q(3)?
-4
Let c(h) = -2*h + 16. What is c(13)?
-10
Let z(o) = -4*o**2 + 7*o + 17. Calculate z(3).
2
Let p(c) = c**3 + 5*c**2 - 10*c + 3. Calculate p(-7).
-25
Let k(b) = 2*b**2 + 6*b + 7. Give k(-3).
7
Let d(k) = -k**3 + 3*k**2 - 3*k. Determine d(2).
-2
Let p(g) = -g**2 - g + 8. What is p(9)?
-82
Let x(g) = g**2 - 78*g + 1440. Give x(30).
0
Let t(b) = -4*b + 73. Calculate t(19).
-3
Let p(q) = 2*q**2 + 9*q + 3. Give p(-3).
-6
Let c(i) = i**3 - 11*i**2 + 7*i + 18. Determine c(10).
-12
Let f(m) = 10*m + 48. Calculate f(-4).
8
Let s(o) = -7*o**2 + 433*o + 64. Determine s(62).
2
Let a(w) = w**2 + 5*w - 3. Give a(-5).
-3
Let s(u) = -5*u**3 - u**2 + u + 1. Calculate s(-1).
4
Let a(g) = -g**3 + 19*g**2 - 35*g + 35. Determine a(17).
18
Let h(f) = f**3 + 6*f**2 + 5*f + 1. Give h(-5).
1
Let f(y) = y**3 - 15*y**2 - 4*y + 17. Give f(15).
-43
Let l(n) = -n**2 + 50*n - 185. Determine l(46).
-1
Let b(q) = -q**3 + 6*q**2 - 10*q - 5. What is b(4)?
-13
Let t(y) = y**3 + 40*y**2 - 40*y + 35. Calculate t(-41).
-6
Let v(u) = u**3 + 13*u**2 - 11*u + 19. Determine v(-14).
-23
Let g(w) = w**2 + 22*w + 21. Give g(-21).
0
Let d(p) = 27*p + 2. Give d(2).
56
Let u(m) = -m**3 + 20*m**2 + 18*m + 55. Give u(21).
-8
Let y(f) = -f**2 + f + 3. Determine y(3).
-3
Let i(z) = 2*z - 19. Determine i(22).
25
Let z(d) = 7*d + 10. Calculate z(2).
24
Let z(l) = -2*l + 19. What is z(-13)?
45
Let f(n) = -n**2 - 2*n + 69. Calculate f(-9).
6
Let f(q) = q**2 - 2*q + 2. Determine f(-4).
26
Let v(f) = -f**3 + 6*f**2 + 3. Calculate v(3).
30
Let z(u) = 11*u**3 - u**2 + 5*u - 5. Calculate z(2).
89
Let b(z) = -z**2 + 7*z - 9. What is b(5)?
1
Let v(p) = p - 15. Determine v(-4).
-19
Let u(y) = y**3 + 32*y**2 + 59*y - 36. What is u(-30)?
-6
Let y(t) = 2*t + 31. What is y(0)?
31
Let t(w) = -w**3 + 8*w**2 - 3*w + 5. What is t(7)?
33
Let a(n) = 11*n**2 - 10*n + 1. Calculate a(2).
25
Let w(l) = 3*l + 5. Give w(-6).
-13
Let r(d) = 4*d + 1. What is r(5)?
21
Let o(f) = 17*f**3 + 2*f + 3. Calculate o(-1).
-16
Let d(h) = h**3 + 19*h**2 - 2*h - 37. What is d(-19)?
1
Let i(o) = -3*o**3 - 4*o**2 + 9. Calculate i(-2).
17
Let c(p) = p**2 - 3*p - 13. Give c(7).
15
Let i(y) = y**3 - 6*y**2 - 4*y - 4. Give i(7).
17
Let p(s) = s**2 + 3*s - 39. Give p(6).
15
Let a(f) = -f + 21. Calculate a(12).
9
Let s(h) = -h**2 + 2*h + 2. Calculate s(-1).
-1
Let c(t) = -t**3 + t**2 + 16. Give c(0).
16
Let k(u) = -2*u**3 + 4*u**2 + 5*u + 8. What is k(3)?
5
Let v(r) = r**3 - 9*r**2 + 5*r + 26. Calculate v(8).
2
Let q(n) = -2*n**3 - 20*n**2 - 2*n + 8. Determine q(-10).
28
Let n(y) = -y**3 + 26*y**2 + 25*y + 57. What is n(27)?
3
Let y(z) = -z**3 - z**2 + 3*z + 5. What is y(-4)?
41
Let h(y) = y**3 + 9*y**2 + 7*y - 9. What is h(-8)?
-1
Let f(k) = -k**3 + 3*k**2 - 2*k - 4. Calculate f(3).
-10
Let r(q) = q**2 + 9*q + 1. Determine r(-7).
-13
Let j(c) = c**3 + 2*c**2 - 3. What is j(-4)?
-35
Let q(h) = -h**3 - 11*h**2 + 3*h. Give q(-11).
-33
Let z(n) = -n**3 - 23*n**2 + 23*n - 6. What is z(-24)?
18
Let b(i) = i - 12. Determine b(11).
-1
Let u(o) = -2*o**3 + 33*o**2 + 15*o + 14. What is u(17)?
-20
Let k(c) = c**2 - 6. Give k(0).
-6
Let j(s) = s**3 + 2*s**2 - 9*s - 7. Determine j(-4).
-3
Let k(u) = -34*u - 731. Calculate k(-21).
-17
Let z(w) = 18*w + 40. Determine z(5).
130
Let k(j) = -3*j**2 - 10*j - 7. Give k(-3).
-4
Let k(v) = -v**3 - 3*v**2 + v + 6. Calculate k(-3).
3
Let g(j) = 5*j**2 + 1. What is g(-1)?
6
Let a(w) = -2*w**2 - 3*w + 9. What is a(-4)?
-11
Let j(i) = 4